lculate the greatest common divisor of 7574 and 14.
14
Calculate the greatest common divisor of 24 and 444.
12
What is the highest common divisor of 175 and 525?
175
Calculate the greatest common divisor of 2418 and 1488.
186
What is the greatest common divisor of 1577 and 1079?
83
What is the greatest common divisor of 156 and 164?
4
What is the greatest common factor of 60 and 570?
30
What is the greatest common factor of 332 and 9130?
166
What is the highest common factor of 840 and 896?
56
What is the greatest common factor of 30 and 138?
6
What is the highest common divisor of 60 and 294?
6
Calculate the greatest common factor of 43 and 1978.
43
Calculate the highest common divisor of 1014 and 234.
78
Calculate the highest common factor of 207 and 2461.
23
What is the highest common factor of 26 and 3?
1
What is the highest common divisor of 305 and 10?
5
Calculate the highest common factor of 7 and 12.
1
What is the greatest common divisor of 8 and 4412?
4
What is the highest common divisor of 27174 and 126?
42
What is the highest common factor of 368 and 23?
23
What is the highest common factor of 533 and 91?
13
Calculate the highest common divisor of 2275 and 1001.
91
Calculate the highest common factor of 2180 and 13516.
436
What is the highest common factor of 459 and 54?
27
Calculate the greatest common divisor of 143 and 3256.
11
Calculate the greatest common divisor of 3405 and 315.
15
Calculate the greatest common factor of 63 and 168.
21
What is the highest common factor of 1204 and 28?
28
Calculate the highest common divisor of 2 and 199.
1
What is the highest common factor of 11 and 71?
1
What is the greatest common divisor of 14 and 434?
14
Calculate the greatest common factor of 20 and 212.
4
Calculate the greatest common divisor of 318 and 265.
53
Calculate the highest common factor of 1561 and 63.
7
What is the highest common factor of 1128 and 72?
24
Calculate the highest common divisor of 21 and 175.
7
Calculate the highest common factor of 142 and 1065.
71
What is the highest common divisor of 62 and 837?
31
Calculate the highest common factor of 3072 and 960.
192
Calculate the greatest common divisor of 605 and 1155.
55
What is the greatest common divisor of 65 and 975?
65
Calculate the greatest common divisor of 814 and 22.
22
What is the greatest common divisor of 78 and 26?
26
Calculate the greatest common factor of 94 and 2350.
94
What is the highest common factor of 135 and 18765?
135
Calculate the highest common divisor of 21 and 8421.
21
Calculate the greatest common factor of 360 and 630.
90
Calculate the greatest common divisor of 150 and 570.
30
What is the greatest common factor of 210 and 150?
30
Calculate the highest common factor of 88 and 9284.
44
What is the highest common factor of 44 and 28?
4
Calculate the highest common divisor of 30 and 78.
6
Calculate the highest common divisor of 19 and 1387.
19
Calculate the highest common factor of 8 and 128.
8
What is the highest common factor of 305 and 1403?
61
Calculate the highest common divisor of 20 and 124.
4
Calculate the highest common divisor of 2873 and 325.
13
What is the highest common factor of 530 and 21465?
265
Calculate the greatest common factor of 20640 and 86.
86
What is the highest common factor of 629 and 148?
37
Calculate the highest common factor of 131 and 2.
1
What is the highest common divisor of 5695 and 134?
67
What is the greatest common divisor of 11776 and 92?
92
Calculate the highest common divisor of 327 and 76191.
327
Calculate the greatest common divisor of 69 and 1679.
23
What is the greatest common factor of 57 and 2451?
57
Calculate the highest common divisor of 91 and 65.
13
What is the greatest common divisor of 2479 and 201?
67
What is the greatest common factor of 96 and 336?
48
What is the greatest common factor of 34 and 9418?
34
Calculate the greatest common factor of 78 and 2220.
6
What is the greatest common divisor of 903 and 441?
21
Calculate the highest common factor of 26 and 7202.
26
Calculate the highest common factor of 49986 and 18.
18
Calculate the highest common factor of 32 and 3728.
16
What is the highest common divisor of 152 and 3154?
38
Calculate the greatest common factor of 33 and 297.
33
What is the highest common factor of 14163 and 6?
3
What is the greatest common divisor of 136 and 3060?
68
Calculate the highest common factor of 4708 and 8.
4
What is the highest common divisor of 600 and 72?
24
What is the greatest common factor of 44 and 8756?
44
What is the greatest common factor of 9 and 8?
1
Calculate the greatest common factor of 335 and 58290.
335
Calculate the highest common factor of 616 and 336.
56
Calculate the highest common factor of 228 and 3572.
76
Calculate the highest common divisor of 275 and 150.
25
What is the greatest common factor of 46 and 874?
46
What is the highest common divisor of 50 and 30?
10
What is the greatest common factor of 8026 and 6?
2
What is the greatest common divisor of 338 and 598?
26
Calculate the highest common factor of 496 and 144.
16
What is the highest common divisor of 232 and 32?
8
Calculate the greatest common factor of 112 and 406.
14
Calculate the highest common divisor of 525 and 150.
75
What is the highest common factor of 11473 and 298?
149
Calculate the highest common factor of 5 and 2705.
5
Calculate the highest common factor of 38 and 11894.
38
What is the greatest common divisor of 13 and 208?
13
What is the highest common factor of 253 and 429?
11
Calculate the greatest common divisor of 165 and 75.
15
Calculate the greatest common divisor of 5 and 2.
1
Calculate the highest common divisor of 1600 and 1850.
50
What is the highest common divisor of 6 and 630?
6
Calculate the greatest common divisor of 87 and 377.
29
Calculate the greatest common divisor of 327 and 545.
109
Calculate the highest common factor of 5 and 14.
1
What is the highest common divisor of 297 and 27?
27
Calculate the highest common divisor of 155 and 1240.
155
Calculate the highest common divisor of 18651 and 3.
3
What is the greatest common factor of 889 and 35?
7
What is the greatest common factor of 319 and 33?
11
Calculate the highest common divisor of 770 and 88.
22
What is the highest common divisor of 1504 and 8648?
376
Calculate the highest common divisor of 3 and 1857.
3
What is the greatest common divisor of 105 and 175?
35
What is the highest common factor of 18 and 297?
9
What is the greatest common divisor of 25 and 545?
5
Calculate the highest common divisor of 264 and 9174.
66
What is the highest common divisor of 240 and 84?
12
What is the greatest common divisor of 728 and 6279?
91
What is the highest common factor of 1292 and 228?
76
Calculate the highest common factor of 133 and 3857.
133
Calculate the highest common divisor of 8 and 1752.
8
What is the greatest common divisor of 5 and 4?
1
Calculate the highest common factor of 36 and 954.
18
Calculate the highest common factor of 120 and 8088.
24
What is the greatest common divisor of 56 and 28?
28
Calculate the greatest common factor of 1536 and 312.
24
What is the greatest common factor of 40 and 1080?
40
Calculate the highest common factor of 204 and 6630.
102
Calculate the greatest common divisor of 832 and 182.
26
What is the greatest common factor of 2623 and 61?
61
Calculate the greatest common factor of 1261 and 485.
97
What is the highest common divisor of 3379 and 248?
31
What is the highest common divisor of 48 and 16?
16
What is the greatest common factor of 1043 and 35?
7
What is the highest common divisor of 20 and 40?
20
What is the greatest common divisor of 600 and 2256?
24
What is the highest common divisor of 64 and 4?
4
What is the greatest common factor of 86 and 1462?
86
Calculate the highest common factor of 3 and 2.
1
Calculate the highest common divisor of 4824 and 268.
268
What is the greatest common factor of 248 and 1674?
62
Calculate the highest common factor of 34 and 459.
17
Calculate the greatest common divisor of 60 and 18090.
30
What is the greatest common factor of 190 and 171?
19
Calculate the greatest common divisor of 1400 and 6200.
200
What is the greatest common divisor of 286 and 442?
26
What is the highest common factor of 60 and 40?
20
What is t